st the prime factors of 951084624.
2, 3, 7, 2830609
What are the prime factors of 51007319?
11, 149, 31121
What are the prime factors of 1020139439?
11, 43, 283, 7621
List the prime factors of 153873516.
2, 3, 599, 21407
What are the prime factors of 1334906319?
3, 43, 10348111
What are the prime factors of 57218198?
2, 2677, 10687
What are the prime factors of 278058739?
7, 4597, 8641
What are the prime factors of 886499968?
2, 6925781
What are the prime factors of 37057921?
37057921
List the prime factors of 223679193.
3, 2819, 26449
List the prime factors of 64885528.
2, 29, 279679
List the prime factors of 747592611.
3, 4129, 60353
What are the prime factors of 18948967?
31, 611257
What are the prime factors of 1378094727?
3, 2053, 223753
What are the prime factors of 40418763?
3, 7, 11, 37, 4729
List the prime factors of 236806983.
3, 7, 417649
List the prime factors of 59523371.
19, 97, 32297
What are the prime factors of 2181782470?
2, 5, 7, 1399, 22279
List the prime factors of 1826985319.
61, 29950579
List the prime factors of 515550939.
3, 683, 251611
What are the prime factors of 187935621?
3, 167, 375121
What are the prime factors of 4401007719?
3, 17, 86294269
List the prime factors of 39027248.
2, 13, 187631
List the prime factors of 55302953.
311, 177823
List the prime factors of 356716169.
3307, 107867
List the prime factors of 1673397701.
29, 31, 997, 1867
List the prime factors of 2917507291.
2917507291
What are the prime factors of 61392930?
2, 3, 5, 2046431
List the prime factors of 76457463.
3, 19, 1341359
List the prime factors of 1931922441.
3, 71552683
List the prime factors of 200745002.
2, 100372501
List the prime factors of 5472241351.
23, 237923537
What are the prime factors of 193872913?
13, 17, 67481
What are the prime factors of 927419199?
3, 7, 151, 292469
What are the prime factors of 3336188068?
2, 834047017
List the prime factors of 79396179.
3, 433, 61121
List the prime factors of 5345445699.
3, 11, 131, 412171
List the prime factors of 74146105.
5, 11, 1348111
List the prime factors of 125594381.
11, 67, 170413
What are the prime factors of 35862009?
3, 29, 31, 13297
List the prime factors of 267304460.
2, 5, 13365223
What are the prime factors of 117429830?
2, 5, 7, 1677569
List the prime factors of 2112768537.
3, 11, 5820299
List the prime factors of 10081732.
2, 2520433
What are the prime factors of 2076936904?
2, 7, 2111, 17569
What are the prime factors of 4808133929?
4808133929
What are the prime factors of 65822525?
5, 2632901
What are the prime factors of 96760215?
3, 5, 2150227
List the prime factors of 1214063948.
2, 167, 10883
List the prime factors of 50553696.
2, 3, 526601
List the prime factors of 55688088.
2, 3, 19, 97, 1259
List the prime factors of 163872423.
3, 11, 13, 42443
List the prime factors of 1773677956.
2, 443419489
List the prime factors of 70534621.
167, 422363
What are the prime factors of 870916976?
2, 31, 89, 109, 181
List the prime factors of 133295806.
2, 7, 9521129
What are the prime factors of 79287078?
2, 3, 13, 37, 83, 331
List the prime factors of 570542959.
7, 81506137
List the prime factors of 848851360.
2, 5, 7, 757903
What are the prime factors of 146041523?
199, 503, 1459
What are the prime factors of 1661646655?
5, 31, 653, 16417
List the prime factors of 3105969144.
2, 3, 37, 3497713
List the prime factors of 3044014541.
617, 4933573
List the prime factors of 484622088.
2, 3, 89, 97, 2339
What are the prime factors of 2649417?
3, 19, 53, 877
List the prime factors of 439684850.
2, 5, 11, 799427
List the prime factors of 82968281.
11, 1873, 4027
What are the prime factors of 61027811?
13, 139, 33773
What are the prime factors of 1397659040?
2, 5, 109, 80141
List the prime factors of 2319363305.
5, 7, 29, 326441
List the prime factors of 1848715125.
3, 5, 43, 114649
List the prime factors of 149227386.
2, 3, 7, 11, 323003
List the prime factors of 1191339396.
2, 3, 13, 17, 137, 1093
What are the prime factors of 1482932703?
3, 7, 70615843
What are the prime factors of 938008400?
2, 5, 7, 521, 643
What are the prime factors of 63772029?
3, 787309
What are the prime factors of 861162659?
7, 17, 503, 14387
What are the prime factors of 153595993?
2311, 66463
List the prime factors of 775880623.
7, 311, 356399
What are the prime factors of 77344494?
2, 3, 173, 269, 277
List the prime factors of 3541858612.
2, 3061, 289273
List the prime factors of 220832262.
2, 3, 7, 43, 40759
What are the prime factors of 103314108?
2, 3, 877, 9817
What are the prime factors of 2926676725?
5, 7, 97, 172411
What are the prime factors of 374878029?
3, 124959343
What are the prime factors of 1876552?
2, 127, 1847
What are the prime factors of 448559411?
448559411
List the prime factors of 33226384.
2, 2076649
What are the prime factors of 69418493?
69418493
What are the prime factors of 137677488?
2, 3, 13, 61, 3617
List the prime factors of 37073470.
2, 5, 7, 23, 23027
List the prime factors of 228315675.
3, 5, 7, 41, 10607
What are the prime factors of 75023402?
2, 37511701
List the prime factors of 3056726708.
2, 7, 109168811
What are the prime factors of 120037194?
2, 3, 2222911
What are the prime factors of 15099282?
2, 3, 11, 76259
What are the prime factors of 23058348?
2, 3, 1921529
What are the prime factors of 214022499?
3, 1171, 60923
List the prime factors of 413080460.
2, 5, 13, 23, 67, 1031
What are the prime factors of 128862870?
2, 3, 5, 71, 101, 599
What are the prime factors of 6983069825?
5, 191, 1462423
What are the prime factors of 8414361?
3, 31, 1117
List the prime factors of 85839684.
2, 3, 7, 431, 2371
List the prime factors of 132781945.
5, 3547, 7487
List the prime factors of 240410559.
3, 23, 3484211
List the prime factors of 135810892.
2, 7, 17, 285317
List the prime factors of 990484618.
2, 29, 43, 311, 1277
What are the prime factors of 136451714?
2, 7, 9746551
What are the prime factors of 10029995?
5, 227, 8837
What are the prime factors of 335380095?
3, 5, 101, 911
What are the prime factors of 111151912?
2, 97, 227, 631
List the prime factors of 956444696.
2, 23, 193, 1171
What are the prime factors of 1387226281?
7, 29, 2311, 2957
What are the prime factors of 1312159371?
3, 157, 2785901
What are the prime factors of 24746364?
2, 3, 229133
List the prime factors of 3348919372.
2, 837229843
List the prime factors of 17388225.
3, 5, 109, 709
List the prime factors of 487609640.
2, 5, 7, 17, 89, 1151
What are the prime factors of 42451507?
7, 641, 9461
List the prime factors of 1278022.
2, 639011
List the prime factors of 151274509.
151274509
What are the prime factors of 100986209?
37, 127, 21491
What are the prime factors of 17026428?
2, 3, 1418869
What are the prime factors of 1458948781?
349, 4180369
What are the prime factors of 1938137923?
1938137923
List the prime factors of 1776066267.
3, 37, 173, 92489
List the prime factors of 645965646.
2, 3, 709, 151849
List the prime factors of 3288495061.
181, 18168481
List the prime factors of 3245807567.
131, 24777157
What are the prime factors of 471284463?
3, 13, 41, 47, 6271
List the prime factors of 707298525.
3, 5, 3143549
List the prime factors of 86161706.
2, 43080853
List the prime factors of 117795503.
7, 2333, 7213
List the prime factors of 5637358378.
2, 2818679189
What are the prime factors of 3644605?
5, 728921
What are the prime factors of 243989177?
243989177
What are the prime factors of 357276052?
2, 7, 1822837
List the prime factors of 851677726.
2, 1063, 400601
List the prime factors of 148514254.
2, 7, 10608161
What are the prime factors of 40421954?
2, 17, 31, 38351
List the prime factors of 136709328.
2, 3, 7, 406873
List the prime factors of 75951879.
3, 25317293
List the prime factors of 5240906849.
5240906849
List the prime factors of 141859622.
2, 149, 476039
What are the prime factors of 345581813?
37, 971, 9619
What are the prime factors of 1770004900?
2, 5, 17700049
What are the prime factors of 2441276211?
3, 11, 17, 4351651
List the prime factors of 706118353.
79, 8938207
What are the prime factors of 158126270?
2, 5, 29, 269, 2027
What are the prime factors of 260708878?
2, 9587, 13597
What are the prime factors of 5116472842?
2, 13, 29, 6785773
List the prime factors 